70
In base 3, what is 1212202121 + -111?
1212202010
In base 9, what is -361653 - -37?
-361615
In base 4, what is 212311002 + 2?
212311010
In base 5, what is -2002 - 142?
-2144
In base 5, what is 1210 - 11403?
-10143
In base 6, what is 30430125 + -2?
30430123
In base 12, what is 470797 - 3?
470794
In base 14, what is 1b4 - 18a2?
-16cc
In base 10, what is -308738 - 0?
-308738
In base 12, what is 109 + 258?
365
In base 6, what is 114052 + 3?
114055
In base 5, what is 10 + 142442?
143002
In base 3, what is 11102021121 + -11?
11102021110
In base 16, what is -2b0e + 8?
-2b06
In base 8, what is -6 - -1?
-5
In base 6, what is 350511 - -11?
350522
In base 14, what is 4637 - 5?
4632
In base 15, what is 1b06 + -157?
199e
In base 14, what is 5107 - 9?
50dc
In base 7, what is -14 + -623216?
-623233
In base 12, what is -33827 - -4?
-33823
In base 2, what is -1111101101110100110 + -110?
-1111101101110101100
In base 2, what is 1111011001000110101 + -11?
1111011001000110010
In base 16, what is -2968d + -4?
-29691
In base 12, what is 276 - -2b8?
572
In base 4, what is -1 + 10223133?
10223132
In base 11, what is 4 + 10?
14
In base 5, what is 13 - -1042?
1110
In base 8, what is -5 - 626450?
-626455
In base 10, what is -10147 + -208?
-10355
In base 9, what is -71014 - -2?
-71012
In base 8, what is -6 + 15752?
15744
In base 3, what is 22120002111 - -1?
22120002112
In base 8, what is 4 + -26463?
-26457
In base 10, what is -24 - 20414?
-20438
In base 12, what is 1 + -2893?
-2892
In base 10, what is 1 - -10891?
10892
In base 9, what is 214741 + 2?
214743
In base 6, what is -122 - 10013?
-10135
In base 13, what is 3cc8 + 18?
4013
In base 6, what is 33234 - 1043?
32151
In base 5, what is -12 - -132233?
132221
In base 11, what is 3300a3 - -1?
3300a4
In base 15, what is 5 - -13ac47?
13ac4c
In base 6, what is 40 + 1500255?
1500335
In base 10, what is -111 + 20239?
20128
In base 11, what is -26288 - -159?
-2612a
In base 12, what is 66 + -ba?
-54
In base 3, what is -112 - 120012111021?
-120012111210
In base 12, what is 41056 + -4?
41052
In base 2, what is -1 + 100001010011110100?
100001010011110011
In base 3, what is -20102 - -2202010?
2111201
In base 8, what is -3307105 - -2?
-3307103
In base 2, what is 101010 + 1111111010111?
10000000000001
In base 6, what is 10005 + 3000?
13005
In base 2, what is 100 + -1001100000001?
-1001011111101
In base 5, what is 1010 - 1124?
-114
In base 7, what is 1 + -54106?
-54105
In base 2, what is -1111 - 10101111001?
-10110001000
In base 3, what is 1021202212111 + 1?
1021202212112
In base 14, what is -4b - -555c?
5511
In base 14, what is 8 - -9ab1?
9ab9
In base 11, what is -2 + 24388?
24386
In base 9, what is 3041 + 1?
3042
In base 9, what is 0 - 612544?
-612544
In base 5, what is -13143 - -22240?
4042
In base 16, what is 22f - -47?
276
In base 6, what is 1 - -241122?
241123
In base 8, what is -17422171 - -5?
-17422164
In base 3, what is -20001 + -120101?
-210102
In base 9, what is -12 + -5455?
-5467
In base 12, what is 730b + -3?
7308
In base 2, what is -110000000000010000001 + -1?
-110000000000010000010
In base 2, what is -10000 - 110100100011011100?
-110100100011101100
In base 10, what is -198588 + 4?
-198584
In base 6, what is 551 + 10214?
11205
In base 2, what is -1001100010010110 - -11011?
-1001100001111011
In base 12, what is 8bab6 + -4?
8bab2
In base 11, what is 2a0 + -411?
-121
In base 15, what is -3 + -4d565?
-4d568
In base 8, what is 4 - 674140?
-674134
In base 7, what is 420 + -1460?
-1040
In base 6, what is -4023 - -50?
-3533
In base 8, what is 72373 - 12?
72361
In base 3, what is -102001220202 - 11?
-102001220220
In base 16, what is -4 + 4c9cb?
4c9c7
In base 11, what is 2 - 26209?
-26207
In base 10, what is 112129 + 34?
112163
In base 5, what is -204 - 1020?
-1224
In base 9, what is -5 + -400271?
-400276
In base 2, what is 110 + 101100111001?
101100111111
In base 5, what is 223 + -3143110?
-3142332
In base 7, what is -32 - -11534?
11502
In base 7, what is -6 - -430553?
430544
In base 15, what is d + 11ac1?
11ace
In base 2, what is 1011100011000111 - 10010?
1011100010110101
In base 12, what is -2 + 20475?
20473
In base 16, what is 5 - -987?
98c
In base 10, what is -507 - -79?
-428
In base 7, what is 20443 + 526?
21302
In base 13, what is -2 + 4a49?
4a47
In base 2, what is -100011011 + 10100000111011?
10011100100000
In base 11, what is -158 + 107?
-51
In base 14, what is 1509a + 9?
150a5
In base 9, what is -1 - 17771?
-17772
In base 3, what is -2102200 - 102111?
-2212011
In base 11, what is 2 - 5748?
-5746
In base 3, what is -1002 - 1220102?
-1221111
In base 6, what is 5 - -1015240?
1015245
In base 13, what is -b + -121?
-12c
In base 14, what is -116 - 9c1?
-ad7
In base 7, what is 3 + 133055?
133061
In base 4, what is 2223000 - 10?
2222330
In base 13, what is 0 + 51b?
51b
In base 7, what is 2 - -2166524?
2166526
In base 5, what is -10043 - 210?
-10303
In base 13, what is 4c27b - 5?
4c276
In base 16, what is -5 + -5ea59?
-5ea5e
In base 13, what is c09cb - -2?
c0a00
In base 9, what is -1275 + -24?
-1310
In base 12, what is -78286 - -5?
-78281
In base 15, what is -76a6 - -5?
-76a1
In base 15, what is 1bb30 - 0?
1bb30
In base 15, what is -19e0 + 121?
-18be
In base 8, what is 12 + -1521677?
-1521665
In base 9, what is 865125 - -4?
865130
In base 15, what is -10e9b7 - -5?
-10e9b2
In base 13, what is -9853 - -2?
-9851
In base 12, what is 1 + 2393a?
2393b
In base 4, what is 11 + 10002202?
10002213
In base 13, what is 9870 + 5?
9875
In base 14, what is -816 - -54?
-7a2
In base 16, what is -120c - -f?
-11fd
In base 12, what is -4400 + -4?
-4404
In base 2, what is -11101001010111 - 0?
-11101001010111
In base 9, what is 4 + -17577?
-17573
In base 14, what is -2ad - -d9?
-1b4
In base 12, what is 40452 + 7?
40459
In base 16, what is 7bd5 + 3?
7bd8
In base 3, what is -1 - -100111101112?
100111101111
In base 11, what is -12902 - -2?
-12900
In base 8, what is -15574 + -7?
-15603
In base 14, what is 54194 + 2?
54196
In base 4, what is 102112023 + 11?
102112100
In base 7, what is 41114020 + -5?
41114012
In base 15, what is -3b + d874?
d838
In base 7, what is -31 + 11610?
11546
In base 6, what is -11145 + -55?
-11244
In base 3, what is 1 - 1212212210120?
-1212212210112
In base 11, what is 3a5 + -320?
85
In base 6, what is -4012 + 234?
-3334
In base 2, what is 11100111 - 11000101000?
-10101000001
In base 4, what is -222 + 203?
-13
In base 9, what is -362304 + 2?
-362302
In base 13, what is a3 + -69?
37
In base 4, what is -3 + -130031?
-130100
In base 6, what is -20455250 + -1?
-20455251
In base 12, what is 35b50 + -5?
35b47
In base 11, what is 43aa16 - -3?
43aa19
In base 13, what is -14 - 2ab0?
-2ac4
In base 8, what is 5 - -1023121?
1023126
In base 16, what is 288 - -48?
2d0
In base 16, what is -1 - -cb9?
cb8
In base 8, what is 0 - 51126?
-51126
In base 6, what is 5 - 4440141?
-4440132
In base 2, what is 10 - 11100100000011001101?
-11100100000011001011
In base 9, what is -7651 - 10?
-7661
In base 12, what is -5111 - -1?
-5110
In base 9, what is 51 - -16111?
16162
In base 10, what is 382 + 61?
443
In base 5, what is 34033 - -10?
34043
In base 6, what is 20331 + -40?
20251
In base 14, what is -82 - c?
-90
In base 8, what is -3 - -464040?
464035
In base 10, what is 6663 - 0?
6663
In base 14, what is -201669 - 2?
-20166b
In base 9, what is 1703 - 76?
1616
In base 9, what is 13313 + 3?
13316
In base 8, what is -177 - -1545?
1346
In base 11, what is -644aa2 - 0?
-644aa2
In base 13, what is 374 - 7a?
2c7
In base 9, what is -5 - 3355847?
-3355853
In base 3, what is -102101211021 - -101?
-102101210220
In base 9, what is 0 + -54505?
-54505
In base 6, what is -2 - 152354?
-152400
In base 11, what is 6 + -22740?
-22735
In base 4, what is -301001 - 23?
-301030
In base 10, what is 3902 - 1?
3901
In base 3, what is -10200001 - -111?
-10122120
In base 10, what is 2 + 212666?
212668
In base 8, what is -307 - -5055?
4546
In base 3, what is -12120 + 22212002?
22122112
In base 3, what is -101012002211 - 122?
-101012010110
In base 5, what is 140433 + 22?
141010
In base 9, what is -6330 + 1?
-6328
In base 5, what is -2 - -114102444?
114102442
In base 5, what is 1334 + -1401?
-12
In base 11, what is -29 - 21a?
-248
In base 14, what is adbd6 - -2?
adbd8
In base 15, what 